base 12, what is 2 - 25b543?
-25b541
In base 2, what is 100 - -1001000101111110110111?
1001000101111110111011
In base 13, what is -b178bb9 - 0?
-b178bb9
In base 13, what is 5 + 16043b9?
16043c1
In base 10, what is -2108722 + -3?
-2108725
In base 9, what is 1101611 - 0?
1101611
In base 3, what is 0 - -2202202122100?
2202202122100
In base 8, what is 1135123466 - 4?
1135123462
In base 2, what is -1000000101111010000000 - 101101?
-1000000101111010101101
In base 8, what is 2477277364 - 5?
2477277357
In base 5, what is -4 + 1043121041?
1043121032
In base 3, what is -20120 + -2201120011?
-2201210201
In base 3, what is 122022102222 + 0?
122022102222
In base 15, what is -64 + 46e464?
46e400
In base 3, what is -2110201 - -10001202?
121001
In base 2, what is 101 - -1111111010110101011000?
1111111010110101011101
In base 7, what is -116242 + -46301?
-165543
In base 13, what is -3394 - 18a5?
-4c69
In base 9, what is 426 + 242685?
243222
In base 8, what is 202116 - 271?
201625
In base 10, what is -16 - -1156912?
1156896
In base 3, what is 21220010112122 + -1121?
21220010111001
In base 4, what is 13 - -2222022103?
2222022122
In base 8, what is 52 - -3655204?
3655256
In base 8, what is -1007314766 - 1?
-1007314767
In base 9, what is 22 + -7387751?
-7387728
In base 9, what is 145 - -873406?
873552
In base 16, what is -10 + -a7195f?
-a7196f
In base 6, what is -154532412 + -1?
-154532413
In base 14, what is 1d - -58c8d4?
58c913
In base 9, what is -521720 - 161?
-521881
In base 5, what is -2212114 + 1010?
-2211104
In base 16, what is -8b52505 - -3?
-8b52502
In base 5, what is -1143 + 11013320?
11012122
In base 12, what is -125 - 125155?
-12527a
In base 2, what is 11101 + -11111101111000011?
-11111101110100110
In base 3, what is -12022210221021 + -1120?
-12022210222211
In base 5, what is -4144234 - -1302?
-4142432
In base 4, what is -23 - -1202223322?
1202223233
In base 3, what is 12022011021 - 120002?
12021121012
In base 16, what is 15e0a4 + -1?
15e0a3
In base 6, what is 1120412431 - -5?
1120412440
In base 10, what is -32 - 827245?
-827277
In base 9, what is 122433 - -802?
123335
In base 4, what is -10210 - 12022333?
-12033203
In base 9, what is 13 - 33875280?
-33875266
In base 5, what is -3 - -2030322344?
2030322341
In base 9, what is 637573 + -141?
637432
In base 16, what is -ae4a0 + -5?
-ae4a5
In base 7, what is 11 + 23465?
23506
In base 2, what is -1101100100011111 - -1101001000?
-1101010111010111
In base 12, what is 3 - 16958aa3?
-16958aa0
In base 12, what is 327b1324 + 1?
327b1325
In base 3, what is -2201 + -11010112011?
-11010121212
In base 16, what is -1 - -1846d5?
1846d4
In base 15, what is -31aec0 + a?
-31aeb5
In base 14, what is d911a - 146?
d8db4
In base 8, what is -617460235 + -2?
-617460237
In base 13, what is 2 - -45388ab?
45388b0
In base 15, what is 196 - -90e23?
910b9
In base 13, what is -1a5994 - 1c4?
-1a5b88
In base 4, what is -2 + -12013020321?
-12013020323
In base 7, what is 20562 - -542?
21434
In base 14, what is 430 + 930?
d60
In base 15, what is b3119a0 - 4?
b31199b
In base 10, what is 22352435 - 47?
22352388
In base 8, what is 5500713 - 24?
5500667
In base 9, what is 1318 - 4720?
-3401
In base 5, what is -40342314040 - 1?
-40342314041
In base 12, what is 52 - 28789?
-28737
In base 9, what is 854 - -164?
1128
In base 11, what is 16932a7 + 101?
16933a8
In base 4, what is 1232 - -122321233?
122323131
In base 2, what is 1100100100011001011111101 - -100?
1100100100011001100000001
In base 4, what is 23 + 11233001232113?
11233001232202
In base 5, what is -2140023013 + 4?
-2140023004
In base 5, what is 21203342 - 211?
21203131
In base 7, what is -3265 + 110405?
104110
In base 11, what is -38995 - -192?
-38803
In base 13, what is 1c543b488 - 2?
1c543b486
In base 14, what is -81 + 1643c5?
164344
In base 4, what is -11 - 112101020110?
-112101020121
In base 4, what is -30210211 + 23012?
-30121133
In base 10, what is -7 + -1371241?
-1371248
In base 14, what is 283c + -48b?
2391
In base 14, what is 91 - -411c?
41ad
In base 14, what is 5359 + 20a?
5565
In base 12, what is ba74 + 2b?
baa3
In base 8, what is 15 + -104437214?
-104437177
In base 2, what is -1010001 - 111101011101110101001?
-111101011101111111010
In base 9, what is -41187786 - -1?
-41187785
In base 14, what is 4307 + 5712?
9a19
In base 11, what is -487089 - 22?
-487100
In base 12, what is 1361161 - 2?
136115b
In base 16, what is 8866a21 - 3?
8866a1e
In base 16, what is 7803b - 1?
7803a
In base 3, what is 211010122 + -20020220?
120212202
In base 6, what is -55345 - -52500?
-2445
In base 4, what is -22332311 - 2332?
-23001303
In base 5, what is 104122 - 433343?
-324221
In base 7, what is 3 - -2350531302?
2350531305
In base 16, what is 0 - d10423?
-d10423
In base 12, what is b9528 + 29?
b9555
In base 7, what is -266200120 + 5?
-266200112
In base 8, what is -1030627 - -123?
-1030504
In base 7, what is -442532145 - -1?
-442532144
In base 3, what is -2 - 2221202000012012?
-2221202000012021
In base 14, what is -1487 + -b3d?
-21c6
In base 4, what is -31331 - -20030131?
13332200
In base 14, what is -5 - -150d66a?
150d665
In base 4, what is 102 + -1333323020?
-1333322312
In base 4, what is 101 - 23020333011?
-23020332310
In base 2, what is 10011010 + -101111011?
-11100001
In base 14, what is 38b4d630 - 1?
38b4d62d
In base 12, what is 1 + 317b49?
317b4a
In base 13, what is -7ba + 1cc0?
1503
In base 3, what is -10110022222 + -22021121?
-10202121120
In base 10, what is -102246479 - -12?
-102246467
In base 8, what is 1 + -373423622?
-373423621
In base 15, what is -1 - 4d0e3a?
-4d0e3b
In base 13, what is 6 + -1b6290?
-1b6287
In base 16, what is 4e - -7ce7?
7d35
In base 14, what is -8d5 - 16571?
-17066
In base 9, what is -250 - 6246?
-6506
In base 2, what is 110010111110 - -101100011000?
1011111010110
In base 10, what is 1082316 - -26?
1082342
In base 5, what is 211003430040 + -3?
211003430032
In base 16, what is -92b + -2933?
-325e
In base 7, what is 530 + 5203464?
5204324
In base 5, what is -4 + 21033324021?
21033324012
In base 13, what is 4 - -1632998?
163299c
In base 2, what is 11 + 100100010100001010000110011?
100100010100001010000110110
In base 8, what is -112604177 - 0?
-112604177
In base 14, what is -2633 + -691?
-2cc4
In base 10, what is 312029 - 4?
312025
In base 10, what is -125 - 17317?
-17442
In base 5, what is 3330 + 1403343?
1412223
In base 11, what is -12aa843 - 26a?
-1300002
In base 10, what is 9 + -6916667?
-6916658
In base 8, what is 224 + -3046721?
-3046475
In base 6, what is -30 - -34303321?
34303251
In base 14, what is -4bb945c - -5?
-4bb9457
In base 5, what is 3234021 - 30?
3233441
In base 14, what is 6102 + -662?
5880
In base 6, what is 130031241 + 122?
130031403
In base 7, what is 1136020 - 362?
1135325
In base 6, what is 4413 + -34215?
-25402
In base 8, what is -753152261 - -2?
-753152257
In base 11, what is -5 + 2163266?
2163261
In base 6, what is -330345 - -13211?
-313134
In base 8, what is 6410624055 - -4?
6410624061
In base 7, what is -11122260 - 10?
-11122300
In base 13, what is -12 - 5721aa?
-5721bc
In base 2, what is -10 + 110100001010110010101100?
110100001010110010101010
In base 3, what is -1122021121102020 + -11?
-1122021121102101
In base 3, what is 1112020120111 - 1022?
1112020112012
In base 8, what is -171 - 433421?
-433612
In base 3, what is 221110 + -12112210?
-11121100
In base 9, what is -1880 + 5063?
3073
In base 4, what is 233312 + 30201001?
31100313
In base 2, what is 10101010011 - 11000111100011110?
-11000100111001011
In base 16, what is 17e26 + 97?
17ebd
In base 7, what is 205624 - 61315?
114306
In base 8, what is 67475546 + -1?
67475545
In base 16, what is 1e3 + -2b191?
-2afae
In base 6, what is -5 - -403411015?
403411010
In base 3, what is 20001 - -2001000012002?
2001000102010
In base 2, what is -10 + -10011001001000010010100010?
-10011001001000010010100100
In base 5, what is 3133321023 + -4?
3133321014
In base 7, what is 35 + 1545612?
1545650
In base 10, what is 4 + -264674?
-264670
In base 16, what is -513 + a82d?
a31a
In base 12, what is 8b - -57828?
578b7
In base 10, what is -31 - 3660?
-3691
In base 8, what is -370602 - -2202?
-366400
In base 16, what is 142dcf + -6?
142dc9
In base 14, what is -3896 - -102c?
-2868
In base 7, what is -32 - 3625225?
-36